{"id":306,"date":"2024-08-03T16:48:50","date_gmt":"2024-08-03T16:48:50","guid":{"rendered":"https:\/\/xn--samichlaussckli-blb.ch\/?post_type=product&#038;p=306"},"modified":"2025-08-29T15:59:37","modified_gmt":"2025-08-29T13:59:37","slug":"chlauspaket-mit-fruechten","status":"publish","type":"product","link":"https:\/\/xn--samichlaussckli-blb.ch\/?product=chlauspaket-mit-fruechten","title":{"rendered":"Chlauspaket mit Fr\u00fcchten"},"content":{"rendered":"<h1>\u200bInhalt:<\/h1>\n<p>Chnuspern\u00fcssli<br \/>\nBaumn\u00fcsse<br \/>\nDatteln<br \/>\nFeigen<br \/>\nApfel<br \/>\nBirnen<br \/>\nClementinen<br \/>\nOrangen<br \/>\nBiber gef\u00fcllt klein<br \/>\nLebkuchen<br \/>\nViel Schokolade &amp; S\u00fcsses<\/p>\n","protected":false},"excerpt":{"rendered":"<p>\u200bInhalt: Chnuspern\u00fcssli Baumn\u00fcsse Datteln Feigen Apfel Birnen Clementinen Orangen Biber gef\u00fcllt klein Lebkuchen Viel Schokolade &amp; S\u00fcsses<\/p>\n","protected":false},"featured_media":286,"comment_status":"open","ping_status":"closed","template":"","meta":[],"product_brand":[],"product_cat":[20,23],"product_tag":[],"class_list":{"0":"post-306","1":"product","2":"type-product","3":"status-publish","4":"has-post-thumbnail","6":"product_cat-chlausgitter-paket","7":"product_cat-paket-mit-fruechten","9":"first","10":"instock","11":"taxable","12":"shipping-taxable","13":"purchasable","14":"product-type-simple"},"tiered_pricing_type":"fixed","tiered_pricing_fixed_rules":[],"tiered_pricing_product_settings":{"layout":"default","base_unit_name":{"singular":null,"plural":null},"default_variation":null},"tiered_pricing_minimum_quantity":null,"tiered_pricing_roles_data":[],"tiered_pricing_percentage_rules":[],"tiered_pricing_maximum_quantity":null,"tiered_pricing_quantity_step":null,"_links":{"self":[{"href":"https:\/\/xn--samichlaussckli-blb.ch\/index.php?rest_route=\/wp\/v2\/product\/306","targetHints":{"allow":["GET"]}}],"collection":[{"href":"https:\/\/xn--samichlaussckli-blb.ch\/index.php?rest_route=\/wp\/v2\/product"}],"about":[{"href":"https:\/\/xn--samichlaussckli-blb.ch\/index.php?rest_route=\/wp\/v2\/types\/product"}],"replies":[{"embeddable":true,"href":"https:\/\/xn--samichlaussckli-blb.ch\/index.php?rest_route=%2Fwp%2Fv2%2Fcomments&post=306"}],"wp:featuredmedia":[{"embeddable":true,"href":"https:\/\/xn--samichlaussckli-blb.ch\/index.php?rest_route=\/wp\/v2\/media\/286"}],"wp:attachment":[{"href":"https:\/\/xn--samichlaussckli-blb.ch\/index.php?rest_route=%2Fwp%2Fv2%2Fmedia&parent=306"}],"wp:term":[{"taxonomy":"product_brand","embeddable":true,"href":"https:\/\/xn--samichlaussckli-blb.ch\/index.php?rest_route=%2Fwp%2Fv2%2Fproduct_brand&post=306"},{"taxonomy":"product_cat","embeddable":true,"href":"https:\/\/xn--samichlaussckli-blb.ch\/index.php?rest_route=%2Fwp%2Fv2%2Fproduct_cat&post=306"},{"taxonomy":"product_tag","embeddable":true,"href":"https:\/\/xn--samichlaussckli-blb.ch\/index.php?rest_route=%2Fwp%2Fv2%2Fproduct_tag&post=306"}],"curies":[{"name":"wp","href":"https:\/\/api.w.org\/{rel}","templated":true}]}}